 Let p(j) = 3*r(j) - 2*v(j). List the prime factors of p(0).
2, 3
Let q = 593 + -242. Suppose -5*p + 5621 - q = 0. What are the prime factors of p?
2, 17, 31
Suppose 2*v - 3 + 56 = -3*p, -4*p + 10 = -v. Let j = 95 + v. Let x = 109 + j. What are the prime factors of x?
2, 7, 13
Suppose -2*k + 26099 = 5*a, 2*a = -4*k + 8593 + 1821. List the prime factors of a.
3, 1741
Let f(j) = 120*j**2 - 93*j + 36. What are the prime factors of f(5)?
3, 857
Let u = 41330 + -21686. What are the prime factors of u?
2, 3, 1637
Let a(u) = 364*u**2 - 5*u - 31. What are the prime factors of a(7)?
2, 5, 1777
Suppose -3467*k + 3464*k + 2853 = 0. What are the prime factors of k?
3, 317
Suppose 3012 = 4*r + w, -4*r + 0*w + 2996 = 5*w. Suppose -r = -c - 4*f, 2*f - 2974 = c - 5*c. What are the prime factors of c?
2, 7, 53
Let b(r) = -7*r**2 + 106*r + 90. Let h be b(16). Let t(s) be the second derivative of -s**3/2 + 27*s**2/2 - 2*s. What are the prime factors of t(h)?
3, 5
Let t = -7335 + 52630. What are the prime factors of t?
5, 9059
Let k = 753 - -157. Suppose z = -12*z + k. List the prime factors of z.
2, 5, 7
Suppose 5*z - 2*d + 69 = 0, -2*z - 5*d + 2*d - 20 = 0. List the prime factors of (-63 - (-8 - z))/(2/(-9)).
2, 3, 17
Suppose -3*g = 4*b + 44, 5*b + 32 = -g + 3*g. Let a(v) = v**3 + 10*v**2 + 7*v + 11. Let o be a(b). Let d = o - 56. List the prime factors of d.
3
Suppose -14*t + 13*t + 4 = 0. Let r(o) = 6*o**2 - 3*o + 10. Let y be r(t). Let d = y + -4. List the prime factors of d.
2, 3, 5
Suppose 28*z - 140*z + 5229140 = 52*z. What are the prime factors of z?
5, 7, 911
Let b = 1932 - 373. What are the prime factors of b?
1559
Let g = 13198 + -6259. List the prime factors of g.
3, 257
Let q = 40142 - 24297. List the prime factors of q.
5, 3169
What are the prime factors of 6 + 47073/6 + 4*7/56?
2, 13, 151
Let n(c) = -1383*c + 919. What are the prime factors of n(-9)?
2, 41, 163
Let o = 47761 - 30999. Suppose 0 = 12*a + 22*a - o. List the prime factors of a.
17, 29
Let g be ((-24)/10 - -3)*5. Suppose -g*l + 297 = -417. What are the prime factors of l?
2, 7, 17
Suppose 0 + 50 = -2*t. Let a = t - 19. Let g = 66 + a. What are the prime factors of g?
2, 11
Let p = -195 + 200. Suppose -5*a = -p*q - 2525, 4*a = 4*q + q + 2017. What are the prime factors of a?
2, 127
Suppose 21*i = 2*o + 22*i - 6214, 0 = -3*o - 3*i + 9315. What are the prime factors of o?
3109
Let b = -40 - -98. Suppose 20 = -b*i + 60*i. List the prime factors of (-5 + (-435)/i)*-4.
2, 97
Let j(i) = 1000*i**2 - 24*i + 34. List the prime factors of j(2).
2, 1993
Let b(s) = 4282*s - 9426. What are the prime factors of b(16)?
2, 31, 953
Suppose -3*s - 3*l = 0, -7 + 4 = 4*s + 5*l. Let u be (-45)/3*-5 - s. Suppose -2*h = -210 + u. What are the prime factors of h?
3, 23
Suppose 1343 + 8451 = -3*f + 121*f. Let s be (-181)/4 - 2/(-8). Let n = s + f. List the prime factors of n.
2, 19
Let p(i) = -1241*i - 228. List the prime factors of p(-5).
43, 139
Let a(g) = 251*g**2 + 43*g + 336. What are the prime factors of a(-9)?
2, 3, 5, 13
Let w(y) be the third derivative of y**5/60 + 3*y**4/8 + 29*y**3/6 - y**2 - 4. Let j be w(-6). List the prime factors of 3 + j/((-66)/(-1140)).
193
Suppose 4*w - 1978 = -5*z + 3*z, -5*w = -5*z + 4870. List the prime factors of z.
11, 89
Let l = -2755 + 9347. Suppose 0 = 4*z - 12, 5*t - z = -2485 + l. List the prime factors of t.
2, 3, 137
Let l(d) = -d**3 - 4*d**2 + 4*d + 25. Suppose 16*r - 32 = 24*r. Let v be l(r). Let w(u) = -2*u**3 + 22*u**2 - 12*u - 6. What are the prime factors of w(v)?
2, 3, 5, 7
Suppose -25*m = -7187 - 13638. List the prime factors of m.
7, 17
Let y be (-4)/22 - (-48)/22. Let c be (-6820)/8*(0 - y). List the prime factors of (1/(-1))/((-11)/c).
5, 31
Let h = -711 - -7401. What are the prime factors of h?
2, 3, 5, 223
Suppose -2*x - v - 22 = 3*v, 5*x + v = -10. List the prime factors of 386 + 0 + x + 80/20.
389
Suppose 9*o = 26 - 8. Suppose 0 = -2*p + o*m + 60, 5*m = 2*p - 0*m - 72. What are the prime factors of p?
2, 13
Suppose z + 8*i - 9*i = 10829, -6 = i. What are the prime factors of z?
79, 137
Let d = 32112 + -21565. List the prime factors of d.
53, 199
Let c(p) = 8*p + 26. Let b be c(-3). Suppose b*r = -v - 2*r + 823, 1610 = 2*v - 4*r. What are the prime factors of v?
811
Let n = 30700 + -15868. Suppose -5*q = 5*x + n + 6673, -4*q + 8602 = -2*x. List the prime factors of x/(-51) - 2/6.
2, 3, 7
Let n be (-15358)/21 - 8/12. Let u = -41 - n. List the prime factors of u.
691
Let h = -376 - -418. Suppose 0 = -h*a - 2723 + 43757. What are the prime factors of a?
977
Suppose 0 = -2*x - 15 + 1, -5*t + 2*x + 66764 = 0. List the prime factors of t.
2, 3, 5, 89
What are the prime factors of (305655/30 - 6) + (-1)/(-2)?
17, 599
Let v = 17 + -31. Suppose -4*r - 198 + 170 = 0. Let x = r - v. List the prime factors of x.
7
Let f = 2295 - -17154. List the prime factors of f.
3, 2161
Suppose 2*k + 90 = 7*k. Suppose -3*r - 54 = -k. List the prime factors of (57/(-4))/(1/(r/3)).
3, 19
Let z(d) = -d - 18. Let n(h) = h - 25. Let m be n(7). Let u be z(m). Suppose u*y + 2*y + t = 78, -t = -2*y + 74. List the prime factors of y.
2, 19
Let t = 23781 + -10695. What are the prime factors of t?
2, 3, 727
Let o(b) = -b**2 + 4*b + 28. Let q be o(6). Let u(v) = v**2 + 33*v - 24. What are the prime factors of u(q)?
2, 5, 19
Suppose 43*d - 56 = -142. List the prime factors of 630/14*d/(-2).
3, 5
Let f = -3501 - -5547. What are the prime factors of f?
2, 3, 11, 31
Let l(a) = -2*a + 4*a - 2*a - 3*a - 32. Let i be l(-12). Let p(d) = d**3 - 3*d**2 + 4*d - 5. List the prime factors of p(i).
3
Let d be 3447/(-63) - (-2)/(-7). Let w = d + 69. Suppose -5*s - 1008 = -w*s. List the prime factors of s.
2, 7
Let r(h) = -h**3 - 102*h**2 + 280*h + 331. What are the prime factors of r(-106)?
5, 3119
Let b(g) = 271*g**3 - 5*g**2 - 42*g + 135. List the prime factors of b(3).
3, 809
Let w(y) = -4*y**2 - 99*y + 27. Let j be w(-25). What are the prime factors of j*11*117/6?
3, 11, 13
Let p be 0 - 0/(-2 + 5 + -2). Suppose -4*w + 5*w - 4*t + 13 = p, 0 = 2*t + 6. Let s = 112 + w. List the prime factors of s.
3, 29
Suppose 19*a - 3*a = 48. Suppose a*v - 1308 = -147. What are the prime factors of v?
3, 43
Let i = 12985 - 4484. List the prime factors of i.
8501
Let g(d) = 7573*d + 216. What are the prime factors of g(1)?
7789
Let g(s) = -8 - 2*s**2 - 9*s + 4*s - 2 + 6. Let o be g(-2). Let t(m) = 32*m**2 - 5*m - 5. List the prime factors of t(o).
7, 19
Let p = 170 + -74. Suppose -p = -5*q + 204. Suppose 0 = 2*a + q - 216. What are the prime factors of a?
2, 3, 13
Suppose 110*g - 119*g = -293561 - 18208. What are the prime factors of g?
3, 1283
Suppose -2*g = 2*j - 14, g - 6 = -j - g. Let l(k) = k**3 - 3*k**2 + 8*k + 8. What are the prime factors of l(j)?
2, 7
Let o = -105 + 178. Suppose 0 = 13*d - o - 122. What are the prime factors of d?
3, 5
Let z(t) = t**3 - t**2 - 2*t + 2. Let u be z(1). What are the prime factors of (u + (1 - 1005))/(-2)?
2, 251
Suppose 5*z = 3*j + 2 - 7, 0 = 3*z - 5*j - 13. What are the prime factors of z*(-4)/64 - 811/(-4)?
7, 29
Let x be (10/15)/(3/((-297)/(-6))). Suppose 8794 + 908 = x*y. What are the prime factors of y?
2, 3, 7
Let g = 11457 - 10932. What are the prime factors of g?
3, 5, 7
Suppose -2656 = -47*s + 44*s - 5*d, -5*d - 892 = -s. Let l = s - -556. List the prime factors of l.
3, 13, 37
Let a(s) = 12*s - 6. Let q(p) be the second derivative of -p**4/12 + 5*p**3/3 - 2*p**2 + 20*p. Let j be q(9). What are the prime factors of a(j)?
2, 3
Suppose 5*l = h + 2, -2*h - 3*l = -h + 10. Let q(a) = a**2 + 7*a + 6. Let j be q(h). Suppose -3*d + j*d = 141. List the prime factors of d.
47
Suppose -2*p = -5*b + 20, 3*p - 11 = -2*b - 3. Suppose 3*d - 890 = -2*w + 628, -d = b*w - 496. List the prime factors of d.
2, 127
Suppose -3*j + 3*s = 2*j + 12, 2*j + 2*s = 8. Suppose -12*i + 6085 + 6455 = j. What are the prime factors of i?
5, 11, 19
Let i = 18095 - -7108. List the prime factors of i.
3, 31, 271
Suppose 5*q + 153 = 4*c, 2*c - 69 = -8*q + 3*q. Let i(o) = -2*o**2 + 78*o - 115. List the prime factors of i(c).
3, 11
Suppose -19*f = -23047 + 6137. Suppose 884*o - f*o = -10002. What are the prime factors of o?
1667
Suppose -830*u - 85408 = -838*u. List the prime factors of u.
2, 17, 157
Wh